- 29. Suppose 0 = -z*q + 5*y + 628, 4*q = 2*q + y + 636. Is q composite?
True
Let c(j) = 15504*j**3 + 3*j**2 - j - 3. Is c(1) prime?
False
Is 36118/((-9)/2*(-4)/9) a composite number?
False
Let g(z) = z - 1. Let h(l) = 3*l**2 - 2*l + 3. Let v(t) = 2*g(t) + h(t). Let n = -12 + 16. Is v(n) prime?
False
Suppose y - 237 = -3*a, 4*y + 0*y - 148 = -2*a. Suppose 0 = -v + 2, d = 2*v + 233 - a. Is d prime?
True
Let b(h) = 6*h**2 - h + 4. Let q be b(2). Is (-82)/q + 3 + 28641/13 composite?
False
Let o = 6 + -73. Let r = o + 20. Let p = 6 - r. Is p a prime number?
True
Let y(j) = 12*j**3 - 6*j**2 + 2*j + 1. Is y(6) a prime number?
True
Suppose -3*v + 4*h + 32782 = 5*h, 32767 = 3*v + 4*h. Suppose -15*z - v = -18*z. Is z composite?
False
Let t(z) = -13*z + 9. Let g be t(5). Let s = g + 158. Suppose 2*p + x = s, 3*x = 4*p - x - 180. Is p prime?
False
Let j = 10 + -6. Suppose -68 - 96 = -j*f. Let l = -28 + f. Is l a prime number?
True
Let i = -340 - -1401. Is i a composite number?
False
Let m(x) = 58*x - 12. Let s(a) = 116*a - 25. Let h(u) = -7*m(u) + 3*s(u). Suppose 5*r + 0 = -40. Is h(r) composite?
True
Let u(n) = 56*n**2 + 18*n + 419. Is u(-14) composite?
True
Let c(o) = -o - 3. Let m be c(-8). Suppose -3*i = -3*b - 90, -i + m*b + 11 = 1. Is i composite?
True
Let u(o) = -o**3 - 12*o**2 - 11*o + 4. Let l be u(-11). Suppose -l*x + 6072 = -868. Is x a composite number?
True
Let i(s) = -58*s**3 + 1. Let b(m) = -m**3 + m**2. Let z be b(1). Suppose -3*q + 3 = 3*a, z = 2*a - 3*q + q + 6. Is i(a) a prime number?
True
Let m(g) = 2*g. Let p be m(3). Suppose t = p*t - 580. Suppose -5*x + 287 = -3*r, -3 - t = -2*x - 3*r. Is x prime?
False
Let d be -4*((-6)/(-32))/(10/(-40)). Suppose -2305 = -d*c - 799. Is c composite?
True
Suppose -1689 = t - 4988. Is t composite?
False
Suppose 2*w = -2*c + 7686, w - 369 = c + 3482. Is w prime?
True
Suppose 3*p + 3800 = -2*p. Let q(k) = -5*k + 35. Let f be q(8). Is f/(-15) + p/(-6) a prime number?
True
Let b = 1 - 7. Is (0 - -307) + (-8 - b) prime?
False
Let n = 858 - 493. Is n a composite number?
True
Let q(j) = -6*j**2 - 5*j - 14. Let g(o) = -13*o**2 - 10*o - 28. Let a(m) = -2*g(m) + 5*q(m). Let w be a(-7). Let d = 16 - w. Is d prime?
True
Let a(t) = 613*t**3 - 2*t**2 - 2*t. Let s be a(-2). Let n = s + 7629. Is n composite?
True
Let v(i) = i + 1 + 18*i**2 + 5 + 4*i. Let g(y) = -3*y + 43. Let o be g(16). Is v(o) composite?
False
Let j(v) be the second derivative of v**5/30 - v**4/24 + 7*v**3/6 + 5*v**2/2 - 2*v. Let t(b) be the first derivative of j(b). Is t(-6) a composite number?
True
Let i = 11 + -10. Let s = i - -4. Suppose s*x = 3*p + 1930, -4*x + 1318 + 218 = -4*p. Is x prime?
True
Suppose j = 2*j - 2. Let p be 3 + 4/8*j. Is p + (-2)/((-2)/145) a prime number?
True
Let f = -63160 - -297674. Is f/154 + (-2)/(-11) prime?
True
Suppose 2*c - 7*c = -15. Let f be -4 - (c/3 + 2). Let v(g) = 7*g**2 - 5*g + 1. Is v(f) a composite number?
False
Let j be 4/14 - 322/98. Let a be 6/(18/4 + j). Suppose a*u - 373 = 2*u - 3*g, 2*g = 5*u - 885. Is u a prime number?
True
Let f(o) = -8*o - 7. Let s(g) = -g**2 - 5*g + 5. Let w be s(-6). Let k be ((-12)/16)/(w/(-20)). Is f(k) composite?
False
Let w(f) = 25*f - 6. Let q(k) = k - 1. Let y(n) = -2*q(n) + w(n). Let z be y(-7). Let c = z + 278. Is c a prime number?
True
Is 10/150*6155 + (-4)/3 composite?
False
Suppose -8*b + 70 = -3*b. Is (0 - 753)*b/(-42) a composite number?
False
Let u = -11759 + 23392. Is u a composite number?
False
Let i be (1 + (-20)/12)*(-5 + -4). Suppose i = -3*m, 4*m = -b + 3321 - 1098. Is b a composite number?
True
Let v(f) = -16222*f - 223. Is v(-2) prime?
False
Suppose -4*d + 2*l = -16414, -4*l = -5*d - 0*l + 20516. Let h = -1909 + d. Is h composite?
True
Let q(n) = -6218*n**3 - 5*n**2 - 2*n + 2. Is q(-1) a prime number?
True
Let j be (-13)/((-273)/360)*21. Suppose j + 638 = 2*a. Is a prime?
True
Suppose 2*n = -n - 9, -c + n + 406 = 0. Is c prime?
False
Let o(x) be the first derivative of 10*x**3/3 + 6*x**2 - 11*x + 17. Is o(9) a prime number?
True
Suppose -88 = s - 26. Let j = -31 - s. Is j prime?
True
Suppose -174 = 3*j - 5*j - 3*a, 2*j = 2*a + 184. Is ((-45060)/j)/(2/(-3)) a prime number?
True
Let p(v) = v + 1. Let w be p(8). Let j(z) = -z**3 + 13*z**2 - 9*z + 11. Is j(w) a prime number?
False
Let l(h) = -18*h - 11. Suppose 0 = -0*d + 3*d + 6, 4*k = 5*d - 10. Is l(k) composite?
False
Let u(o) be the first derivative of -o**3/3 + 15*o**2/2 + 2*o - 5. Let w(v) = -6*v - 1. Let s be w(-2). Is u(s) composite?
True
Let a(q) = -5 - q**3 - 68*q + 51*q - q**2 - 12*q**2. Is a(-12) a prime number?
False
Suppose -3593 - 5283 = -4*u. Let g = -1180 + u. Is g composite?
False
Let z(h) = -h**3 - 5*h**2 - h - 5. Let u be z(-5). Suppose 2*w - 2827 + 705 = u. Is w prime?
True
Suppose 2*z - 1 = -15. Let h(p) = 6*p**2 + 14*p + 1. Let g(n) = 17*n**2 + 41*n + 5. Let r(y) = 3*g(y) - 8*h(y). Is r(z) a prime number?
False
Let w be (-8)/2*(2 + -1). Let y(f) = -11*f**3 - 3*f**2 - 2*f - 17. Is y(w) prime?
True
Let u(v) = -12*v**3 + 8*v**2 + 12*v + 1. Let i be ((-270)/(-81))/(4/(-6)). Is u(i) a prime number?
False
Let u = -7 - -1270. Suppose v + v = -4, -r = -v - u. Is r a prime number?
False
Suppose -227 = -d - j, -8*j + 11*j + 1103 = 5*d. Is d a composite number?
False
Let b(v) = v - 11. Let p be b(9). Is ((-5 - -5) + p)*(-1201)/2 a prime number?
True
Is 103191/3 + (3 - 6) + 7 composite?
True
Let q be (-1)/6 + (-59)/6. Let u(b) = -b**3 - 11*b**2 - 13*b - 10. Let d be u(q). Suppose -j = k - 34, -3*k + 4*j + 143 = d. Is k a prime number?
True
Let w be (54/(-4))/(((-2)/20)/1). Suppose -6891 = -6*f + w. Is f a prime number?
True
Suppose 2*n - 4*a = -32, -2*n + 2*a - 3 = 21. Let k be (-4)/16 + 29782/n. Is 2/11 - k/33 composite?
False
Let o(t) = 204*t + 62. Let k(i) = -407*i - 124. Let b(h) = 3*k(h) + 7*o(h). Is b(7) a composite number?
False
Let m = 10886 - 5967. Is m prime?
True
Let t = 37750 + -21567. Is t composite?
False
Suppose n + 18074 = 8*n. Suppose t = -t + n. Is t a composite number?
False
Let a(j) = -5*j**2 + j + 2*j - 5*j**3 + 16 - 18. Is a(-4) composite?
True
Is (-17078)/(-10) - (-108)/(-135) a prime number?
False
Suppose 4930 + 860 = 2*h + 5*d, h - 3*d - 2873 = 0. Is h composite?
True
Is (0 + -2)/(((-8)/1157)/4) a composite number?
True
Is (-5 + 3 + 1710/4)*2 prime?
False
Let q = 4574 + -7289. Let c = -1738 - q. Is c a composite number?
False
Suppose -35364 = 15*s - 3*s. Let q = 6254 + s. Is q composite?
False
Let v(n) = -1046*n + 183. Is v(-4) prime?
False
Let f be (-1 - 0)*(-2 - -3). Let y be 2406*f/(-2)*1. Let q = y - 848. Is q prime?
False
Let l(s) = 4*s**3 - 25*s**2 - 3*s - 13. Is l(16) a prime number?
True
Let a(v) = -767*v - 26. Let p be a(-3). Suppose -5*o + 13470 = -p. Is o a composite number?
True
Let l = 41124 + -27745. Is l a prime number?
False
Let k = 10301 + -6493. Suppose 0 = -2*r + p - 4*p + k, 3*p - 1907 = -r. Is r a composite number?
False
Let z(j) = 7*j**3 + j**2 + 14*j - 32. Let d be z(7). Let q = d + -739. Is q a composite number?
False
Let r be (10 - 6) + (-3 - -162). Let i = r - -20. Is i a prime number?
False
Let f(q) = 699*q + 272. Is f(11) a prime number?
False
Let d = 29 + -8. Suppose 3*s + s + l + d = 0, -4*l = 2*s + 28. Is (-4)/16*s + 117 a prime number?
False
Suppose 4*k - 60851 = 833. Is k composite?
True
Let m be ((0/(-3))/3)/2. Suppose -n = -m*n + 1200. Let c = n - -1705. Is c composite?
True
Is 4/(-8) - 4919/(-2) composite?
False
Let y(b) = 198*b + 377. Is y(9) a composite number?
True
Is (((-14)/(-6))/(-7))/(4/(-66108)) prime?
False
Let t(w) = 29*w**2 - w + 3*w**3 - 3 - 2*w**3 - 26*w**2. Let c be t(-3). Is (-3367)/14*(-2 + c) a composite number?
True
Suppose -5*f + 60 = 4*g, -g + 0*f = -4*f - 15. Let b = g + -26. Let u(x) = x**3 + 12*x**2 + x - 13. Is u(b) a prime number?
True
Suppose -31*i + 2*h = -35*i + 10308, 0 = -2*i - 5*h + 5138. Is i a composite number?
False
Suppose 0 = -4*s + 80945 + 3487. Suppose 0 = 3*h + 9*h - s. Is h a prime number?
True
Suppose 2 = 2*a, 39 + 22 = 3*d + 4*a. Suppose -24*f + d*f = -20. Is 14*(190/4 + f) composite?
True
Let m(w) = -2 + 0*w**3 + 3*w + 9 - 9*w - w**3 - 8*w**2. Let b be m(-7). Suppose -249 = -b*c - 3*c. Is c prime?
True
Suppose 9*t - 6051 - 71016 = 0. Is t composite?
False
Is (-488376)/(-420) - (-2)/10 a compo